[INFO] cloning repository https://github.com/TheButlah/babback
[INFO] running `Command { std: "git" "-c" "credential.helper=" "-c" "credential.helper=/workspace/cargo-home/bin/git-credential-null" "clone" "--bare" "https://github.com/TheButlah/babback" "/workspace/cache/git-repos/https%3A%2F%2Fgithub.com%2FTheButlah%2Fbabback", kill_on_drop: false }`
[INFO] [stderr] Cloning into bare repository '/workspace/cache/git-repos/https%3A%2F%2Fgithub.com%2FTheButlah%2Fbabback'...
[INFO] running `Command { std: "git" "rev-parse" "HEAD", kill_on_drop: false }`
[INFO] [stdout] cd1a6800a24d950411d042167d330c59b160d8e3
[INFO] checking TheButlah/babback against master#9610dfe5a9a731ced1ea4923ecbd0c57fe367898 for beta-170-4
[INFO] running `Command { std: "git" "clone" "/workspace/cache/git-repos/https%3A%2F%2Fgithub.com%2FTheButlah%2Fbabback" "/workspace/builds/worker-6-tc1/source", kill_on_drop: false }`
[INFO] [stderr] Cloning into '/workspace/builds/worker-6-tc1/source'...
[INFO] [stderr] done.
[INFO] validating manifest of git repo https://github.com/TheButlah/babback on toolchain 9610dfe5a9a731ced1ea4923ecbd0c57fe367898
[INFO] running `Command { std: CARGO_HOME="/workspace/cargo-home" RUSTUP_HOME="/workspace/rustup-home" "/workspace/cargo-home/bin/cargo" "+9610dfe5a9a731ced1ea4923ecbd0c57fe367898" "metadata" "--manifest-path" "Cargo.toml" "--no-deps", kill_on_drop: false }`
[INFO] started tweaking git repo https://github.com/TheButlah/babback
[INFO] finished tweaking git repo https://github.com/TheButlah/babback
[INFO] tweaked toml for git repo https://github.com/TheButlah/babback written to /workspace/builds/worker-6-tc1/source/Cargo.toml
[INFO] crate git repo https://github.com/TheButlah/babback already has a lockfile, it will not be regenerated
[INFO] running `Command { std: CARGO_HOME="/workspace/cargo-home" RUSTUP_HOME="/workspace/rustup-home" "/workspace/cargo-home/bin/cargo" "+9610dfe5a9a731ced1ea4923ecbd0c57fe367898" "fetch" "--manifest-path" "Cargo.toml", kill_on_drop: false }`
[INFO] [stderr]     Updating crates.io index
[INFO] [stderr]  Downloading crates ...
[INFO] [stderr]   Downloaded speech-dispatcher-sys v0.5.2
[INFO] [stderr]   Downloaded windows_macros v0.9.1
[INFO] [stderr]   Downloaded combine v4.6.1
[INFO] [stderr]   Downloaded speech-dispatcher v0.7.0
[INFO] [stderr]   Downloaded windows v0.9.1
[INFO] [stderr]   Downloaded tts v0.17.3
[INFO] [stderr]   Downloaded windows_gen v0.9.1
[INFO] running `Command { std: "docker" "create" "-v" "/var/lib/crater-agent-workspace/builds/worker-6-tc1/target:/opt/rustwide/target:rw,Z" "-v" "/var/lib/crater-agent-workspace/builds/worker-6-tc1/source:/opt/rustwide/workdir:ro,Z" "-v" "/var/lib/crater-agent-workspace/cargo-home:/opt/rustwide/cargo-home:ro,Z" "-v" "/var/lib/crater-agent-workspace/rustup-home:/opt/rustwide/rustup-home:ro,Z" "-e" "SOURCE_DIR=/opt/rustwide/workdir" "-e" "CARGO_TARGET_DIR=/opt/rustwide/target" "-e" "CARGO_HOME=/opt/rustwide/cargo-home" "-e" "RUSTUP_HOME=/opt/rustwide/rustup-home" "-w" "/opt/rustwide/workdir" "-m" "1610612736" "--user" "0:0" "--network" "none" "ghcr.io/rust-lang/crates-build-env/linux@sha256:19e73879b68f455e41552ea35293514db52ea292d993f571636dbffedb77a1ee" "/opt/rustwide/cargo-home/bin/cargo" "+9610dfe5a9a731ced1ea4923ecbd0c57fe367898" "metadata" "--no-deps" "--format-version=1", kill_on_drop: false }`
[INFO] [stdout] ce22d820009a0be1f7f996ccb3e7628e502b0d5736c9add0d0d49d4f41451f8f
[INFO] running `Command { std: "docker" "start" "-a" "ce22d820009a0be1f7f996ccb3e7628e502b0d5736c9add0d0d49d4f41451f8f", kill_on_drop: false }`
[INFO] running `Command { std: "docker" "inspect" "ce22d820009a0be1f7f996ccb3e7628e502b0d5736c9add0d0d49d4f41451f8f", kill_on_drop: false }`
[INFO] running `Command { std: "docker" "rm" "-f" "ce22d820009a0be1f7f996ccb3e7628e502b0d5736c9add0d0d49d4f41451f8f", kill_on_drop: false }`
[INFO] [stdout] ce22d820009a0be1f7f996ccb3e7628e502b0d5736c9add0d0d49d4f41451f8f
[INFO] running `Command { std: "docker" "create" "-v" "/var/lib/crater-agent-workspace/builds/worker-6-tc1/target:/opt/rustwide/target:rw,Z" "-v" "/var/lib/crater-agent-workspace/builds/worker-6-tc1/source:/opt/rustwide/workdir:ro,Z" "-v" "/var/lib/crater-agent-workspace/cargo-home:/opt/rustwide/cargo-home:ro,Z" "-v" "/var/lib/crater-agent-workspace/rustup-home:/opt/rustwide/rustup-home:ro,Z" "-e" "SOURCE_DIR=/opt/rustwide/workdir" "-e" "CARGO_TARGET_DIR=/opt/rustwide/target" "-e" "CARGO_INCREMENTAL=0" "-e" "RUST_BACKTRACE=full" "-e" "RUSTFLAGS=--cap-lints=forbid" "-e" "RUSTDOCFLAGS=--cap-lints=forbid" "-e" "CARGO_HOME=/opt/rustwide/cargo-home" "-e" "RUSTUP_HOME=/opt/rustwide/rustup-home" "-w" "/opt/rustwide/workdir" "-m" "1610612736" "--user" "0:0" "--network" "none" "ghcr.io/rust-lang/crates-build-env/linux@sha256:19e73879b68f455e41552ea35293514db52ea292d993f571636dbffedb77a1ee" "/opt/rustwide/cargo-home/bin/cargo" "+9610dfe5a9a731ced1ea4923ecbd0c57fe367898" "check" "--frozen" "--all" "--all-targets" "--message-format=json", kill_on_drop: false }`
[INFO] [stdout] dab25ba20c4b2deda28f16cd5301027ff50bba819ecac144a1785f7bf0f15c07
[INFO] running `Command { std: "docker" "start" "-a" "dab25ba20c4b2deda28f16cd5301027ff50bba819ecac144a1785f7bf0f15c07", kill_on_drop: false }`
[INFO] [stderr]    Compiling libc v0.2.103
[INFO] [stderr]    Compiling proc-macro2 v1.0.29
[INFO] [stderr]    Compiling memchr v2.3.4
[INFO] [stderr]    Compiling unicode-xid v0.2.2
[INFO] [stderr]    Compiling radium v0.5.3
[INFO] [stderr]    Compiling cfg-if v1.0.0
[INFO] [stderr]    Compiling version_check v0.9.3
[INFO] [stderr]    Compiling glob v0.3.0
[INFO] [stderr]    Compiling log v0.4.14
[INFO] [stderr]    Compiling funty v1.1.0
[INFO] [stderr]    Compiling wyz v0.2.0
[INFO] [stderr]    Compiling tap v1.0.1
[INFO] [stderr]    Compiling regex-syntax v0.6.25
[INFO] [stderr]    Compiling unicode-width v0.1.9
[INFO] [stderr]    Compiling bitflags v1.3.2
[INFO] [stderr]    Compiling libloading v0.7.0
[INFO] [stderr]    Compiling ansi_term v0.11.0
[INFO] [stderr]    Compiling vec_map v0.8.2
[INFO] [stderr]    Compiling syn v1.0.80
[INFO] [stderr]    Compiling textwrap v0.11.0
[INFO] [stderr]    Compiling strsim v0.8.0
[INFO] [stderr]    Compiling humantime v2.1.0
[INFO] [stderr]    Compiling termcolor v1.1.2
[INFO] [stderr]    Compiling bindgen v0.59.1
[INFO] [stderr]    Compiling shlex v1.1.0
[INFO] [stderr]    Compiling nom v6.2.1
[INFO] [stderr]    Compiling rustc-hash v1.1.0
[INFO] [stderr]    Compiling lazycell v1.3.0
[INFO] [stderr]    Compiling bitvec v0.19.5
[INFO] [stderr]    Compiling clang-sys v1.2.2
[INFO] [stderr]    Compiling peeking_take_while v0.1.2
[INFO] [stderr]    Compiling lazy_static v1.4.0
[INFO] [stderr]    Compiling autocfg v1.0.1
[INFO] [stderr]    Compiling gcc v0.3.55
[INFO] [stderr]    Compiling tts v0.17.3
[INFO] [stderr]     Checking ppv-lite86 v0.2.10
[INFO] [stderr]    Compiling aho-corasick v0.7.15
[INFO] [stderr]     Checking dyn-clone v1.0.4
[INFO] [stderr]    Compiling memoffset v0.6.4
[INFO] [stderr]    Compiling quote v1.0.10
[INFO] [stderr]     Checking getrandom v0.2.3
[INFO] [stderr]     Checking nix v0.23.0
[INFO] [stderr]    Compiling atty v0.2.14
[INFO] [stderr]    Compiling which v3.1.1
[INFO] [stderr]    Compiling clap v2.33.3
[INFO] [stderr]     Checking rand_core v0.6.3
[INFO] [stderr]     Checking rand_chacha v0.3.1
[INFO] [stderr]    Compiling regex v1.4.6
[INFO] [stderr]     Checking rand v0.8.4
[INFO] [stderr]    Compiling env_logger v0.8.4
[INFO] [stderr]    Compiling cexpr v0.5.0
[INFO] [stderr]     Checking ctrlc v3.2.1
[INFO] [stderr]    Compiling thiserror-impl v1.0.29
[INFO] [stderr]    Compiling dyn-clonable-impl v0.9.0
[INFO] [stderr]     Checking dyn-clonable v0.9.0
[INFO] [stderr]     Checking thiserror v1.0.29
[INFO] [stderr]    Compiling speech-dispatcher-sys v0.5.2
[INFO] [stderr]     Checking speech-dispatcher v0.7.0
[INFO] [stdout] error[E0308]: mismatched types
[INFO] [stdout]   --> /opt/rustwide/cargo-home/registry/src/index.crates.io-6f17d22bba15001f/speech-dispatcher-0.7.0/src/lib.rs:31:13
[INFO] [stdout]    |
[INFO] [stdout] 31 |     Male1 = SPDVoiceType::SPD_MALE1,
[INFO] [stdout]    |             ^^^^^^^^^^^^^^^^^^^^^^^ expected `u32`, found `i32`
[INFO] [stdout] 
[INFO] [stdout] 
[INFO] [stdout] error[E0308]: mismatched types
[INFO] [stdout]   --> /opt/rustwide/cargo-home/registry/src/index.crates.io-6f17d22bba15001f/speech-dispatcher-0.7.0/src/lib.rs:32:13
[INFO] [stdout]    |
[INFO] [stdout] 32 |     Male2 = SPDVoiceType::SPD_MALE2,
[INFO] [stdout]    |             ^^^^^^^^^^^^^^^^^^^^^^^ expected `u32`, found `i32`
[INFO] [stdout] 
[INFO] [stdout] 
[INFO] [stdout] error[E0308]: mismatched types
[INFO] [stdout]   --> /opt/rustwide/cargo-home/registry/src/index.crates.io-6f17d22bba15001f/speech-dispatcher-0.7.0/src/lib.rs:33:13
[INFO] [stdout]    |
[INFO] [stdout] 33 |     Male3 = SPDVoiceType::SPD_MALE3,
[INFO] [stdout]    |             ^^^^^^^^^^^^^^^^^^^^^^^ expected `u32`, found `i32`
[INFO] [stdout] 
[INFO] [stdout] 
[INFO] [stdout] error[E0308]: mismatched types
[INFO] [stdout]   --> /opt/rustwide/cargo-home/registry/src/index.crates.io-6f17d22bba15001f/speech-dispatcher-0.7.0/src/lib.rs:34:15
[INFO] [stdout]    |
[INFO] [stdout] 34 |     Female1 = SPDVoiceType::SPD_FEMALE1,
[INFO] [stdout]    |               ^^^^^^^^^^^^^^^^^^^^^^^^^ expected `u32`, found `i32`
[INFO] [stdout] 
[INFO] [stdout] 
[INFO] [stdout] error[E0308]: mismatched types
[INFO] [stdout]   --> /opt/rustwide/cargo-home/registry/src/index.crates.io-6f17d22bba15001f/speech-dispatcher-0.7.0/src/lib.rs:35:15
[INFO] [stdout]    |
[INFO] [stdout] 35 |     Female2 = SPDVoiceType::SPD_FEMALE2,
[INFO] [stdout]    |               ^^^^^^^^^^^^^^^^^^^^^^^^^ expected `u32`, found `i32`
[INFO] [stdout] 
[INFO] [stdout] 
[INFO] [stdout] error[E0308]: mismatched types
[INFO] [stdout]   --> /opt/rustwide/cargo-home/registry/src/index.crates.io-6f17d22bba15001f/speech-dispatcher-0.7.0/src/lib.rs:36:15
[INFO] [stdout]    |
[INFO] [stdout] 36 |     Female3 = SPDVoiceType::SPD_FEMALE3,
[INFO] [stdout]    |               ^^^^^^^^^^^^^^^^^^^^^^^^^ expected `u32`, found `i32`
[INFO] [stdout] 
[INFO] [stdout] 
[INFO] [stdout] error[E0308]: mismatched types
[INFO] [stdout]   --> /opt/rustwide/cargo-home/registry/src/index.crates.io-6f17d22bba15001f/speech-dispatcher-0.7.0/src/lib.rs:37:17
[INFO] [stdout]    |
[INFO] [stdout] 37 |     ChildMale = SPDVoiceType::SPD_CHILD_MALE,
[INFO] [stdout]    |                 ^^^^^^^^^^^^^^^^^^^^^^^^^^^^ expected `u32`, found `i32`
[INFO] [stdout] 
[INFO] [stdout] 
[INFO] [stdout] error[E0308]: mismatched types
[INFO] [stdout]   --> /opt/rustwide/cargo-home/registry/src/index.crates.io-6f17d22bba15001f/speech-dispatcher-0.7.0/src/lib.rs:38:19
[INFO] [stdout]    |
[INFO] [stdout] 38 |     ChildFemale = SPDVoiceType::SPD_CHILD_FEMALE,
[INFO] [stdout]    |                   ^^^^^^^^^^^^^^^^^^^^^^^^^^^^^^ expected `u32`, found `i32`
[INFO] [stdout] 
[INFO] [stdout] 
[INFO] [stdout] error: aborting due to 8 previous errors
[INFO] [stdout] 
[INFO] [stdout] 
[INFO] [stdout] For more information about this error, try `rustc --explain E0308`.
[INFO] [stdout] 
[INFO] [stderr] error: could not compile `speech-dispatcher` (lib) due to 9 previous errors
[INFO] running `Command { std: "docker" "inspect" "dab25ba20c4b2deda28f16cd5301027ff50bba819ecac144a1785f7bf0f15c07", kill_on_drop: false }`
[INFO] running `Command { std: "docker" "rm" "-f" "dab25ba20c4b2deda28f16cd5301027ff50bba819ecac144a1785f7bf0f15c07", kill_on_drop: false }`
[INFO] [stdout] dab25ba20c4b2deda28f16cd5301027ff50bba819ecac144a1785f7bf0f15c07
